be (-6)/5*20/t. Suppose w + 12 = -4*p, -4*p - 64 = -4*d. List the prime factors of d.
2, 3
Let r(k) = -k**3 - 7*k**2 + 7*k - 11. Let g be r(-8). List the prime factors of 1/g - 68/(-6).
11
Let f(n) be the second derivative of n**7/2520 - n**6/120 + n**5/120 + n**4/6 + 2*n. Let k(c) be the third derivative of f(c). List the prime factors of k(7).
2
Suppose 4*u + 3*w - w - 14 = 0, -5*w + 15 = 0. What are the prime factors of u?
2
Suppose -4*i + 2*m = -92, 2*i - 87 = -i - 3*m. What are the prime factors of i?
5
Let w(t) = t**3 - 3*t**2 - 9*t + 1. List the prime factors of w(6).
5, 11
Suppose 3*y + 2 = -2*t, -3*t - 2*y + 0 = -2. Let c = -14 + 10. What are the prime factors of (4/c)/((-1)/t)?
2
Suppose -5 = 3*h + 1. List the prime factors of (-4)/(-2 + (h - -2)).
2
Let i = 0 + 1. Let w be 3 + (i - 3) - -1. Suppose w*u = -0*a + 2*a + 20, -2*u - 5*a + 20 = 0. What are the prime factors of u?
2, 5
Let i(x) = -x**3 - 7*x**2 + 11*x + 4. Let s be i(-8). Let h = -11 - s. What are the prime factors of h?
3
Let f(q) = q + 11. Let t be f(-6). Suppose -4*u = 4*l - 68, 6*l = 3*l + t*u + 51. What are the prime factors of l?
17
Let t be (-1 - 0)/((-7)/14). Suppose -t*u + 4 + 0 = 0. Let g = 13 - u. List the prime factors of g.
11
Let y be (8/6)/((-4)/(-6)). Suppose 0 = -y*b - b + 42. List the prime factors of b.
2, 7
What are the prime factors of 1983/12 - ((-12)/16 + 1)?
3, 5, 11
Let n = -1 - -1. Let x be 4/2 + n + 0. Suppose 27 = 2*a - 3*t, 5*a - 2*t - x*t = 50. What are the prime factors of a?
2, 3
Let j be ((-4)/8)/(2/(-44)). Suppose -w + 16 = -j. What are the prime factors of w?
3
Suppose -2*v = -281 + 65. Suppose -3*g = 2*o - 85 + 11, 5*o = -4*g + v. What are the prime factors of g?
2, 11
Suppose 0*b = 5*b - 10. Suppose 0*g = -2*g - v - 28, b*v - 49 = 3*g. List the prime factors of (4/(-12))/(1/g).
5
Let b = -3 - 0. Let u = 21 + -29. List the prime factors of 3/2*u/b.
2
Let l = -316 - -578. What are the prime factors of l?
2, 131
Suppose 7*k = 4*k + 6. Suppose 2*h = -k + 54. List the prime factors of h.
2, 13
Suppose -n + 4 = 0, 5*m + n - 3*n - 7 = 0. Suppose m*a - 24 = -0*a. What are the prime factors of a?
2
Let s be (-5)/10 + (-74)/(-4). Suppose 3*t + 0*t = s. List the prime factors of -3*(-2)/6 + t.
7
Let z(v) = 9*v**2 - v - 2. Suppose 5*m = 1 - 6. List the prime factors of z(m).
2
Let a(t) = -t**2 - 9*t + 7. Let n(b) = -4*b**3. Let g be n(-1). Suppose 5*x - 6 = -o - 41, 0 = g*x + 5*o + 7. List the prime factors of a(x).
3, 5
Let r = -38 + 57. List the prime factors of r.
19
List the prime factors of (-1068)/(-15) - 52/(-65).
2, 3
Let h(l) = 3*l**2 - 5*l - 3. List the prime factors of h(-3).
3, 13
Let d(a) = 2*a - 6. List the prime factors of d(13).
2, 5
Suppose -2*q + 26 + 48 = 0. What are the prime factors of q?
37
Suppose 0 = -z + 6 - 1. What are the prime factors of z?
5
Let u(j) be the third derivative of 0 + j**2 + 5/12*j**4 + 0*j + 11/6*j**3 + 1/60*j**5. What are the prime factors of u(-9)?
2
Suppose 4*k = -5*g + 3, -7*k = -2*k - 3*g - 13. Suppose 5*l - 9 = 2*l. Suppose -l*i + 6 = -4*b, k*b + 3*b = 0. What are the prime factors of i?
2
Suppose 4*o - 3*j - 321 = 0, -o + 6*o + 3*j = 381. List the prime factors of o.
2, 3, 13
Let g be 302/10 - 8/40. Let q = g - 17. What are the prime factors of q?
13
Let l(p) = -p**2 - 1. Let i be l(1). Let s be (i/5)/(3/(-15)). What are the prime factors of 1 + 1 + s + -2?
2
Let u(c) = -c + 1. Let v(h) = 3*h**3 + h**2 + 4*h - 4. Let a(b) = -5*u(b) - v(b). Let d be a(1). List the prime factors of (10/(-4))/(d/8).
5
Let j(z) = -8*z + 92. List the prime factors of j(-21).
2, 5, 13
Let r(k) = k**2 + k - 2. What are the prime factors of r(3)?
2, 5
Let z = -6 - -6. Let y = 13 - 1. Suppose -y = -t - z*t. List the prime factors of t.
2, 3
Let f = -10 + 2. Let v(s) = -s**3 - 9*s**2 - 11*s - 9. List the prime factors of v(f).
3, 5
Let v(o) = -3*o + 7. Let g be v(-7). Suppose 4*p - 8*p = g. Let m = p - -19. What are the prime factors of m?
2, 3
What are the prime factors of (-77 - (-1 + 2))/(-2)?
3, 13
Let f(p) = -p**3 + 3*p**2 + 3*p - 4. Suppose 5*l = 3*l + 10. Let b = -2 + l. List the prime factors of f(b).
5
Suppose -2*h + 276 = 4*h. What are the prime factors of h?
2, 23
Let y = -2 - -3. Let l be 13 - y/(-1) - -2. Let g = -5 + l. What are the prime factors of g?
11
Let b(h) = -h**2 - h + h + 4 - 4*h. Let r be b(-4). Suppose -r*z + 64 = -0*z. List the prime factors of z.
2
Let y be 45/(-2)*(-12)/9. Suppose -4*m = 5*j - 132, -j = m - y + 3. Suppose 5*b - b = j. What are the prime factors of b?
2, 3
Let g(j) be the first derivative of -j**3/3 - 5*j**2 - 6*j + 3. What are the prime factors of g(-8)?
2, 5
Let q(u) = u**3 - 10*u**2 - 11*u. Let t be q(11). Suppose n - 2*n + 6 = t. Suppose n = 4*i - 2*i. List the prime factors of i.
3
Suppose 5*h + 1 = 66. List the prime factors of h.
13
Let y = 0 + 2. Suppose y*q = q. Suppose 3*x = -q*x + 6. What are the prime factors of x?
2
Suppose 5*n + 2*w + 43 - 340 = 0, -5*n + 5*w + 290 = 0. Let v = -27 + n. Suppose -v = -m - m. What are the prime factors of m?
2
Suppose -4*o = -5*z - 6*o + 202, -z = 4*o - 26. List the prime factors of z.
2, 3, 7
Suppose -12 = -5*a - 2. Suppose a*b = -3*b + 50. List the prime factors of b.
2, 5
Let s(h) = h**3 + h**2 + h - 12. Let m be s(0). Suppose -6*l - 4*x = -4*l - 8, 5*x = 2*l - 8. What are the prime factors of (m + 0)*l/(-6)?
2
Suppose -2*s = -8 - 0. Suppose 3*p - 2*p - 6 = -5*j, -s*j + 72 = 4*p. List the prime factors of p.
3, 7
What are the prime factors of 158/(-3*(-10)/15)?
79
Let g = 0 - -2. Suppose 3*n - 20 = -g*n. What are the prime factors of n?
2
Let f be (-22)/(-4) - 5/(-10). Let n be (2/(-4)*0)/2. Suppose n = -h + f. What are the prime factors of h?
2, 3
Let c = 164 + -80. What are the prime factors of c?
2, 3, 7
Let z = -83 + 149. What are the prime factors of z?
2, 3, 11
Let o = 66 - 61. Let q(r) = -r**3 + 6*r**2 + 6*r + 2. Let l be q(6). Suppose o*c = 3*h - 31, -4*h + l = -0*h - 5*c. List the prime factors of h.
7
Let p be 1 + (0 - 1)*3. Let z be ((-4)/8)/(p/36). List the prime factors of z - -4*1/(-2).
7
Suppose 11*n - 690 = 8*n. What are the prime factors of n?
2, 5, 23
Suppose 3*u = 4*f + 9 + 11, -2*f + 42 = 5*u. Let p(a) = a + 3. What are the prime factors of p(u)?
11
Let m be (-1 - -11)*9/(-18). Let j = m + 10. Suppose t = 4*o - 6, -2*o = -o - j. What are the prime factors of t?
2, 7
Suppose -7*o + o = -522. What are the prime factors of o?
3, 29
Let j = -188 - -321. List the prime factors of j.
7, 19
List the prime factors of ((-45)/(-24) - 2) + 3339/24.
139
Suppose -4*y - 1 = 15. Let n = y + 2. List the prime factors of 85/10 + 3/n.
7
Let n(v) = 3*v - 4. Let w be n(9). Let h = 43 - w. List the prime factors of h.
2, 5
Let x = 5 + -2. Suppose x*p - 142 = -5*r - p, 2*p - 6 = 0. Suppose r = -a + 3*a. List the prime factors of a.
13
Suppose 0 = 2*z + 5*y - 41, 35 = 5*z + 2*y - 15. Let f = z - 14. What are the prime factors of (4/f)/(12/(-54))?
3
Suppose 14 = 2*z - 2*b, -5*z + 0*b + 30 = -4*b. Suppose j + z*j - 93 = 0. What are the prime factors of j?
31
Suppose -49 = -x - 4*x - 3*f, x - f - 5 = 0. Let i(d) = d**3 - 7*d**2 - 6*d - 9. List the prime factors of i(x).
7
Suppose 0 = -0*n + 2*n - 72. Suppose 2*x + 4*c - n = 0, -22 - 29 = -4*x - c. What are the prime factors of x?
2, 3
Let o(i) be the second derivative of i**4/12 + i**3/3 + 3*i**2/2 - i. Let y be o(-4). Suppose 2*h = 2*f + f - y, 2*h = -2*f + 14. List the prime factors of f.
5
Let z = 3 + -9. Let d(g) = -g**2 + 6*g - 6. Let o be d(4). What are the prime factors of (-60)/(-9) - o/z?
7
Let b be (0 - 2)/(-2)*-4. Let l = b + 4. Suppose 5*q + 3*y = -l*y + 12, -2 = 2*y. What are the prime factors of q?
3
Suppose 0 = 4*y - 2*f + 7*f - 21, -2*y = -5*f - 3. List the prime factors of y.
2
Let u(v) = 7*v - 25. List the prime factors of u(5).
2, 5
Let m(z) = -z**3 - 4*z**2 + 7*z + 7. Let u be m(-5). Let y be (-1 + -1)*(-4 - u). Suppose -y*q + 5*q = 9. What are the prime factors of q?
3
Suppose -4*h - 3*l + 21 = 0, 2*h + 2*l - 2 = 10. Suppose k - 2*p - 21 = p, 47 = h*k - p. What are the prime factors of k?
3, 5
Suppose -12 = -6*n + 3*n. Suppose 0 = -3*w + 2 + n. Suppose p + 8 = w*p. List the prime factors of p.
2
Suppose 3*g + 14 = r, -4*g - 56 = -4*r - 0*r. What are the prime fact